
135
Let m(t) = -3*t**3 + 230*t**2 + 513095*t - 756. Determine m(-377).
-2
Let m(q) = -32145*q + 450035. Calculate m(14).
5
Let r(p) = 17598*p + 264309. What is r(-15)?
339
Let p(z) = 43*z**3 + 100*z**2 - 59. Determine p(-2).
-3
Let p(o) = 503*o**2 - 49787*o - 1006. Give p(99).
-16
Let l(j) = -162699*j + 813502. What is l(5)?
7
Let z(s) = -273*s**3 + 5178*s**2 + 176*s - 93. Calculate z(19).
2
Let b(v) = -7166*v - 1340036. Give b(-187).
6
Let s(w) = 2*w**3 - 79*w**2 - 103*w - 383. Determine s(41).
437
Let c(z) = 4*z**2 - 2475*z + 179659. What is c(84)?
-17
Let o(j) = -961*j + 616138. Calculate o(641).
137
Let s(j) = -469*j - 135558. Determine s(-289).
-17
Let h(f) = 5051*f + 1333419. Calculate h(-264).
-45
Let w(z) = 858*z + 36950. What is w(-43)?
56
Let t(f) = f**2 + 33*f - 1771. What is t(-67)?
507
Let y(t) = -133*t - 1204. What is y(-9)?
-7
Let n(m) = -m**2 - 7517*m + 1142245. Calculate n(149).
11
Let k(j) = 1332219*j - 21315504. Calculate k(16).
0
Let x(g) = g**3 + 24*g**2 + 81*g + 1612. What is x(-23)?
278
Let l(k) = 107749*k - 107750. Give l(1).
-1
Let x(v) = 21*v**3 - 2370*v**2 - 335*v - 433. Give x(113).
19
Let a(q) = -q**3 + 49*q**2 - 213*q. Determine a(5).
35
Let n(k) = 7220*k - 50210. What is n(7)?
330
Let v(q) = -2*q**2 - 155*q + 33900. Calculate v(97).
47
Let x(c) = -2*c**2 - 35*c + 1877. What is x(-40)?
77
Let k(p) = 60*p**3 + 5*p**2 + 88*p + 366. Give k(-4).
-3746
Let x(t) = -t**2 - 3263*t - 19553. Calculate x(-6).
-11
Let z(f) = -1562674*f - 1562683. Determine z(-1).
-9
Let r(g) = -2*g**3 - 61*g**2 + 428*g - 656. Calculate r(4).
-48
Let t(s) = s**3 - 23*s**2 + 48*s - 92. Calculate t(6).
-416
Let d(m) = -m**3 + 59*m**2 + 95*m - 17339. Give d(55).
-14
Let a(x) = 881*x + 14920. Determine a(-17).
-57
Let d(m) = m**3 + 8*m**2 + 30*m + 846. Give d(-10).
346
Let j(m) = -2*m**3 + 117*m**2 + 2474*m + 158. Give j(75).
83
Let l(g) = 35324*g + 247118. Calculate l(-7).
-150
Let u(v) = -2596404*v - 72699322. What is u(-28)?
-10
Let b(g) = -4*g**3 - 50*g**2 + 155*g - 91. What is b(2)?
-13
Let c(i) = -5081*i + 71146. Calculate c(14).
12
Let d(r) = -r**3 - 48*r**2 - 131*r + 224. Determine d(-45).
44
Let m(g) = 9*g**3 + 68*g**2 + 3*g + 6. What is m(-1)?
62
Let k(p) = -1872*p + 278781. Give k(149).
-147
Let b(h) = 13868*h + 67186. Calculate b(-5).
-2154
Let d(t) = -2*t**2 - 253*t - 4890. Calculate d(-25).
185
Let c(v) = 9305*v - 65135. Determine c(7).
0
Let v(y) = -7*y**3 - 176*y - 540. Give v(-3).
177
Let i(f) = -6*f**3 - 22*f**2 + 19*f + 102. What is i(-4)?
58
Let m(u) = -u**2 - 7304*u + 3761118. Determine m(483).
-3
Let c(v) = -v**2 - 637*v - 19825. Determine c(-32).
-465
Let o(v) = 15*v**2 + 1252*v + 21408. What is o(-24)?
0
Let l(n) = 6692*n + 62198. Give l(-9).
1970
Let n(l) = -449*l**3 + 3*l**2 - 584*l - 587. What is n(-1)?
449
Let i(n) = 9*n**3 + 167*n**2 - 467*n - 96. Give i(3).
249
Let u(n) = 16505*n + 65934. Give u(-4).
-86
Let t(s) = s**3 - 143*s**2 + 2566*s - 496. Give t(122).
-8
Let g(b) = -3*b**3 - 43*b**2 + 270*b + 692. Give g(-2).
4
Let k(b) = b**3 - 166*b**2 - 480*b - 4506. Give k(169).
57
Let j(z) = 8*z**2 - 72*z + 327. Give j(6).
183
Let q(w) = -198*w - 37246. What is q(-188)?
-22
Let m(d) = 78*d**3 + 3584*d**2 - 221*d - 1706. What is m(-46)?
-4
Let z(w) = -1886*w + 243523. Calculate z(129).
229
Let x(b) = 1141*b + 248747. Determine x(-218).
9
Let b(s) = -35*s**2 + 2384*s + 2386. Calculate b(-1).
-33
Let y(t) = 6*t**2 + 3*t + 5. What is y(2)?
35
Let p(t) = -3188*t - 251854. Give p(-79).
-2
Let h(g) = g**3 - 125*g**2 + 68*g + 7275. What is h(124)?
331
Let y(f) = -10226703*f + 51133515. Calculate y(5).
0
Let v(u) = -263627*u + 23462812. Calculate v(89).
9
Let k(z) = -3*z**3 + 72*z**2 - 76*z + 262. Give k(23).
101
Let l(a) = 3*a**2 + 8944*a + 80369. Give l(-9).
116
Let t(a) = -a**3 - 38*a**2 + 17307*a + 211423. Give t(-12).
-5
Let a(f) = 55918*f - 279609. What is a(5)?
-19
Let o(f) = -11*f**2 + 2757*f + 11049. Give o(-4).
-155
Let o(w) = 3*w**2 - 240*w - 9746. What is o(-30)?
154
Let b(x) = 12318*x**2 + 4262035*x + 2425. What is b(-346)?
3
Let j(z) = -522*z - 82487. What is j(-158)?
-11
Let x(j) = -2054*j - 121239. What is x(-59)?
-53
Let w(l) = 66*l**3 - 183*l**2 - 8*l + 9. What is w(3)?
120
Let k(o) = 148*o**2 + 2430*o - 1450. What is k(-17)?
12
Let c(r) = 22*r**2 - 12164*r - 24459. Determine c(-2).
-43
Let h(g) = g**3 + 29*g**2 - 117*g - 860. Determine h(-4).
8
Let v(t) = -t**3 + 94*t**2 - 172*t - 775. Give v(4).
-23
Let f(g) = 58*g - 2381. What is f(41)?
-3
Let t(y) = -4846*y - 411919. Give t(-85).
-9
Let w(q) = -1196363*q - 5981809. Determine w(-5).
6
Let w(h) = -h**3 + 107*h**2 + 2991*h - 81. Calculate w(-23).
-104
Let r(x) = -2*x**3 + 591*x**2 - 2623*x + 1167. Give r(291).
3
Let u(n) = -n**2 - 55923*n + 1006940. Calculate u(18).
2
Let q(t) = 66*t**2 + 1511*t - 1516. What is q(1)?
61
Let a(v) = 843*v + 1555. What is a(-2)?
-131
Let v(j) = 492*j + 4965. Give v(-5).
2505
Let p(o) = 6165*o + 123304. Determine p(-20).
4
Let j(l) = 152*l - 66739. Give j(439).
-11
Let c(h) = h**3 + 222*h**2 + 11328*h - 2554. Calculate c(-80).
6
Let c(l) = l**3 - 13*l**2 + 258*l + 1317. Calculate c(-4).
13
Let n(t) = -240709*t + 1203521. Determine n(5).
-24
Let m(v) = v**3 - 149*v**2 + 341*v - 50727. Determine m(149).
82
Let u(q) = -3*q**3 + 16*q**2 - 77*q + 24. Determine u(10).
-2146
Let r(p) = 242*p**3 + 6*p**2 + 394*p - 808. Determine r(2).
1940
Let d(l) = -14462*l**2 + 43489*l + 3. Calculate d(3).
312
Let a(c) = 1815*c - 9231. Give a(5).
-156
Let u(t) = -t**3 + 411*t**2 - 231*t - 240063. Give u(409).
20
Let d(f) = 29*f**2 - 406*f + 28. What is d(14)?
28
Let d(s) = -3*s**2 - 1147*s - 78351. What is d(-89)?
-31
Let j(n) = n**3 - 61*n**2 + 717*n + 95. Give j(45).
-40
Let i(m) = -679*m - 206455. What is i(-304)?
-39
Let t(n) = 2620*n - 361554. What is t(138)?
6
Let n(b) = -b**3 - 34*b**2 - 31257*b - 1062739. Determine n(-34).
-1
Let u(l) = 48*l**3 + 1010*l**2 + l + 80. Give u(-21).
941
Let u(r) = 43*r**2 - 2327*r + 2544. What is u(53)?
0
Let u(o) = -9*o**3 + 84*o**2 + 106*o + 28. Calculate u(-1).
15
Let p(z) = -225533*z - 2. Determine p(0).
-2
Let j(g) = 11*g**2 - 1798*g + 793. What is j(163)?
-22
Let j(w) = 10*w**2 + 10068*w + 1139820. Calculate j(-130).
-20
Let u(b) = 402*b + 27132. Give u(-67).
198
Let u(d) = 3*d**2 - 82*d + 167. What is u(22)?
-185
Let n(m) = -5507*m**2 - 4*m - 10. What is n(0)?
-10
Let d(c) = 34*c**2 - 1906*c + 100. What is d(56)?
-12
Let l(t) = -71553*t - 21108139. Determine l(-295).
-4
Let o(v) = v**3 + 36*v**2 - 10*v - 103. What is o(-37)?
-1102
Let d(k) = 1073*k + 299477. What is d(-279)?
110
Let f(p) = p**3 - 101*p**2 - 798*p + 581. Give f(-8).
-11
Let j(t) = t**3 - 82*t**2 - 121*t + 2513. Determine j(83).
-641
Let q(w) = -11*w**3 - 32*w**2 + 40*w - 20. Give q(-4).
12
Let q(j) = -2*j**3 + 203*j**2 + 960*j - 190. Calculate q(106).
446
Let h(r) = -391*r - 21209. What is h(-54)?
-95
Let g(u) = -253390*u + 13429664. Determine g(53).
-6
Let f(h) = -h**3 + 386*h**2 - 5896*h - 333. Calculate f(16).
51
Let g(q) = -q**3 + 29*q**2 - 224*q + 8012. What is g(30)?
392
Let x(t) = 100*t**3 + 34202*t**2 + 681*t - 1034. Calculate x(-342).
-8
Let m(y) = -8593*y + 111758. Calculate m(13).
49
Let b(w) = w**2 + 12564*w + 363737. Determine b(-29).
222
Let d(g) = -27*g + 3192. Give d(114).
114
Let m(k) = 704*k**2 - 28857*k - 296. Determine m(41).
-9
Let x(g) = 9*g**2 + 193*g + 1025. Give x(-12).
5
Let w(p) = p**2 + 1513*p + 47370. Calculate w(-32).
-22
Let q(h) = -2635822*h + 7907458. What is q(3)?
-8
Let o(w) = -149237*w - 1939962. Calculate o(-13).
119
Let d(g) = -316545*g - 17726513. Calculate d(-56).
7
Let m(w) = -15*w**2 + 1082*w - 3246. Calculate m(69).
-3
Let q(p) = -p**3 + 811*p**2 - 4023*p - 5666. Give q(806).
-24
Let x(m) = 1109*m - 8843. Give x(8).
29
Let b(t) = 138*t**3 + t**2 + 79*t - 79. Give b(1).
139
Let x(r) = 85*r - 5847. Calculate x(62).
-577
Let l(r) = -159*r - 22382. What is l(-143)?
355
Let p(a) = 9*a**3 + 1314*a**2 - 29*a - 4233. Give p(-146).
1
Let p(r) = r**2 + 2942*r + 34863. Give p(-12).
-297
Let x(s) = 2*s**2 - 1015*s - 4899. Give x(-5).
226
Let j(g) = g**2 - 2583*g + 1109225. What is j(544)?
9
Let g(k) = -478*k**2 - 1347*k + 21. Give g(-3).
-240
Let s(o) = 1357*o - 2710. Determine s(2).
4
Let c(d) = 2727943*d. 